{"id":120,"date":"2016-02-11T11:57:43","date_gmt":"2016-02-11T10:57:43","guid":{"rendered":"https:\/\/gaiaeatsafelyliguria.wordpress.com\/?page_id=120"},"modified":"2016-04-06T10:22:30","modified_gmt":"2016-04-06T08:22:30","slug":"il-progetto-gaia","status":"publish","type":"page","link":"http:\/\/gaiaeatsafely.it\/?page_id=120","title":{"rendered":"Il Progetto GAIA"},"content":{"rendered":"<p><strong>ALLERGIE ALIMENTARI e CELIACHIA<\/strong> rappresentano un grave rischio per la salute degli individui affetti, e sono in continuo aumento. Per i soggetti affetti da allergia alimentare, \u00e8 vitale stabilire una diagnosi accurata: evitare l\u2019allergene, anche quando nascosto, rappresenta allo stato attuale delle conoscenze l\u2019unica terapia per i Pazienti.<\/p>\n<p align=\"justify\">Essere affetti da allergia alimentare o celiachia rappresenta un grande peso per il soggetto interessato e per la sua famiglia, riduce la qualit\u00e0 di vita, ed ha dei costi anche per la societ\u00e0. La quantit\u00e0 di un allergene capace di causare una reazione pu\u00f2 essere estremamente piccola ( milligrammi o meno) sia nell\u2019 allergia che nella celiachia. Per migliorare la qualit\u00e0 di vita dei soggetti affetti da allergia e\/o intolleranza alimentare la Comunit\u00e0 Europea ha imposto normative all\u2019industria ed alla distribuzione alimentare, affinch\u00e8 vi sia la massima chiarezza nella commercializzazione e distribuzione degli alimenti, evitando anche i rischi connessi alla presenza di allergeni alimentari nascosti. In considerazione dell\u2019entit\u00e0 del rischio \u00e8 necessaria una continua vigilanza, la diffusione delle conoscenze e la promozione e attuazione di misure adeguate nella somministrazione degli alimenti sia nella ristorazione pubblica che privata.<\/p>\n<p align=\"justify\">La <strong>REGIONE LIGURIA<\/strong> ha racco<img loading=\"lazy\" class=\" wp-image-116 alignleft\" src=\"http:\/\/gaiaeatsafely.it\/wp-content\/uploads\/2016\/02\/regione-ligurialogo.jpg?w=63&amp;h=90\" alt=\"Regione LiguriaLogo\" width=\"63\" height=\"90\" srcset=\"http:\/\/gaiaeatsafely.it\/wp-content\/uploads\/2016\/02\/regione-ligurialogo.jpg 700w, http:\/\/gaiaeatsafely.it\/wp-content\/uploads\/2016\/02\/regione-ligurialogo-210x300.jpg 210w\" sizes=\"(max-width: 63px) 100vw, 63px\" \/>lto e coordinato le iniziative gi\u00e0 in atto sul territorio regionale, costituendo il <em>Gruppo Allergie ed Intolleranze Alimentar<\/em>i, <strong>GAIA<\/strong>, che costituisce un cluster multi-disciplinare e multi-professionale, polo di riferimento per le problematiche riguardanti allergie intolleranze alimentari e celiachia.<\/p>\n<blockquote>\n<p align=\"justify\">La <strong>FINALIT\u00c0<\/strong> del progetto \u00e8 quella di garantire una ragionevole sicurezza ed una migliore Qualit\u00e0 di vita ai soggetti affetti da allergia o intolleranza alimentare, nel rispetto delle nuove normative europee in materia di etichettatura degli alimenti che contengono allergeni.<\/p>\n<\/blockquote>\n<p align=\"justify\">Gli <strong>OBIETTIVI SONO<\/strong>:<\/p>\n<ul>\n<li>rispondere alle esigenze sia dei consumatori sia dei produttori o distributori di cibo, garantendo informazioni scientifiche validate, esaurienti e aggiornate;<\/li>\n<li>garantire a tutte le attivit\u00e0 produttive territoriali, dalle mense scolastiche a quelle aziendali, dal grande ristorante al piccolo esercente, un\u2019 informazione e formazione precisa sulle nuove normative, fornire gli strumenti per rendere il pi\u00f9 semplice possibile l\u2019 applicazione di tali normative; vigilare sulla loro corretta applicazione;<\/li>\n<li>creare Linee Guida Regionali che prevedano l\u2019 introduzione delle nuove norme nei piani HACCP per garantire ovunque in Liguria l\u2019 applicazione delle best practices per la ristorazione;<\/li>\n<li>promuovere e svolgere la ricerca sulle allergie alimentari e celiachia fornendo dati epidemiologici e di mercato;<\/li>\n<li>promuovere lo sviluppo commerciale con prodotti o proposte alimentari idonei per i soggetti con allergia e\/o intolleranza alimentare.<\/li>\n<\/ul>\n<p align=\"justify\">Le iniziative di GAIA rispondono in maniera globale e integrata alle esigenze di soggetti affetti da una diversit\u00e0, come quella delle allergie alimentari, intolleranze e celiachia; le azioni in corso rappresentano un fiore all\u2019occhiello della nostra Regione, caratterizzata da una grande vocazione turistica, e appianano le disuguaglianze, creando nel contempo opportunit\u00e0 di lavoro e profitto.<\/p>\n<p><\/p>","protected":false},"excerpt":{"rendered":"<p>ALLERGIE ALIMENTARI e CELIACHIA rappresentano un grave rischio per la salute degli individui affetti, e sono in continuo aumento. Per i soggetti affetti da allergia alimentare, \u00e8 vitale stabilire una diagnosi accurata: evitare l\u2019allergene, anche quando nascosto, rappresenta allo stato attuale delle conoscenze l\u2019unica terapia per i Pazienti. Essere affetti da allergia alimentare o celiachia &hellip; <a href=\"http:\/\/gaiaeatsafely.it\/?page_id=120\" class=\"more-link\">Continua a leggere <span class=\"screen-reader-text\">Il Progetto GAIA<\/span><\/a><\/p>\n","protected":false},"author":1,"featured_media":0,"parent":0,"menu_order":0,"comment_status":"closed","ping_status":"closed","template":"","meta":[],"_links":{"self":[{"href":"http:\/\/gaiaeatsafely.it\/index.php?rest_route=\/wp\/v2\/pages\/120"}],"collection":[{"href":"http:\/\/gaiaeatsafely.it\/index.php?rest_route=\/wp\/v2\/pages"}],"about":[{"href":"http:\/\/gaiaeatsafely.it\/index.php?rest_route=\/wp\/v2\/types\/page"}],"author":[{"embeddable":true,"href":"http:\/\/gaiaeatsafely.it\/index.php?rest_route=\/wp\/v2\/users\/1"}],"replies":[{"embeddable":true,"href":"http:\/\/gaiaeatsafely.it\/index.php?rest_route=%2Fwp%2Fv2%2Fcomments&post=120"}],"version-history":[{"count":2,"href":"http:\/\/gaiaeatsafely.it\/index.php?rest_route=\/wp\/v2\/pages\/120\/revisions"}],"predecessor-version":[{"id":427,"href":"http:\/\/gaiaeatsafely.it\/index.php?rest_route=\/wp\/v2\/pages\/120\/revisions\/427"}],"wp:attachment":[{"href":"http:\/\/gaiaeatsafely.it\/index.php?rest_route=%2Fwp%2Fv2%2Fmedia&parent=120"}],"curies":[{"name":"wp","href":"https:\/\/api.w.org\/{rel}","templated":true}]}}